nd 14?
14
Let r = -68 + 71. Suppose -r*c = -6*c + 48. What is the greatest common divisor of 16 and c?
16
Suppose -9*u + 7*u = 0. Suppose u = 2*b - 3*b + 142. Suppose 5*s + b = 3*y + 19, -3*y - 2*s = -102. Calculate the highest common divisor of y and 18.
18
Let n(g) = g**3 - 13*g**2 + 15*g + 14. Let z be n(12). Let a = 175 + -50. What is the greatest common divisor of a and z?
25
Let d(h) = -78 + 4*h - 8*h - 4*h + 57. Let n be d(-12). Calculate the highest common divisor of 15 and n.
15
Let y = -63 + 99. Suppose 4*q - 48 = y. Let l = -1 + q. What is the highest common divisor of 8 and l?
4
Let u = 1739 - 1475. Calculate the highest common divisor of u and 48.
24
Let s be ((-64)/7)/(-2) - 4/7. Let r be 3*s + (5 - 2). Calculate the highest common divisor of r and 15.
15
Let v(i) = i**3 + 3*i + 40. Let a be v(0). What is the greatest common divisor of a and 8?
8
Let o(d) = d**3 - 30*d**2 + 60*d + 207. Let w be o(28). Let j = 24 - -5. Calculate the greatest common factor of w and j.
29
Suppose c + 5 - 56 = -2*r, 0 = -3*c + 3*r + 135. What is the greatest common divisor of c and 2?
1
Let p be 4/6 + (-372)/(-9). Let l = 2 - 6. Let x be 8/6*(-18)/l. What is the greatest common factor of x and p?
6
Suppose 0 = 3*r + 4*o - 76, o = r - 35 + 12. Suppose -26*u + 56 = -r*u. Calculate the highest common divisor of u and 14.
14
Let y = -9 - -13. Suppose -y = -4*n + 8. Suppose 2*u = n*r - 0*r - 802, -2*u = 10. What is the highest common factor of r and 24?
24
Suppose 4*c - 4 = -s + 2, 0 = 4*c + 5*s + 2. Let a be (-2)/4*-15*c. What is the greatest common divisor of 120 and a?
15
Let t be (1 - 2) + 1 - -3. Let b = -39 + 63. What is the highest common factor of b and t?
3
Let u(z) = z**3 + 4*z**2 + 4*z + 2. Let r be u(-2). Let n be 1*(3 - (r - 48)). Let h = n - 28. What is the greatest common divisor of h and 14?
7
Let f = -14 - -26. Suppose 3*j + 9 + f = 0. Let g be (10/j)/((-6)/42). What is the greatest common divisor of g and 15?
5
Suppose -5*f = 64 + 26. Let k = f - -25. Calculate the highest common factor of 7 and k.
7
Let z = 290 + -218. What is the greatest common divisor of z and 90?
18
Let q be (-2)/((-144)/68 + 2). What is the greatest common divisor of q and 391?
17
Let f = 1094 - 1073. Calculate the highest common divisor of 6 and f.
3
Let a = -83 - -134. Suppose -408 = 59*j - 67*j. What is the greatest common divisor of j and a?
51
Suppose -2*f + 40 = 6*f. What is the highest common factor of 55 and f?
5
Suppose 0 = 4*d - 231 - 41. Calculate the greatest common factor of 1360 and d.
68
Let z = 27 - 29. Let c be z + 10 + -4 + 0. Calculate the highest common divisor of 1 and c.
1
Let v be 33/6*((-9)/(-3) + 137). Calculate the highest common divisor of v and 35.
35
Let l(m) = -6*m**3 + m**2 + 3*m - 10. Let g be l(-2). What is the greatest common factor of 27 and g?
9
Let u(s) be the first derivative of 10*s**3 - s**2/2 + s + 11. Let m be u(1). Let r(v) = v - 3. Let p be r(8). Calculate the highest common factor of p and m.
5
Suppose 0*l - 12 = -3*l. Suppose 3*j + 1 + 14 = 0, l*j + 20 = 3*u. Let f be (-2 - 1)*-3 - u. What is the highest common divisor of 36 and f?
9
Let d = -88 - -124. Suppose 5*x = -2*k + 26, 0 = -5*k - 5*x + 14 + d. Calculate the highest common factor of 4 and k.
4
Let t = 392 + -302. What is the highest common factor of t and 30?
30
Suppose 1 - 7 = -3*j. Suppose -13729 = -6*c + 2*c - 5*p, 2*c - 6866 = -j*p. Let g be c/12 - (-4)/6. Calculate the greatest common divisor of g and 41.
41
Let n(g) = -g**3 + g**2 - g + 2. Let v be n(0). Suppose -v*f = -f - 1. Let h be f/(-2) - (-9)/6. What is the highest common factor of 7 and h?
1
Let b be 2/(-1) + 255 + -25. Calculate the highest common factor of 48 and b.
12
Let h be 22*(-932)/(-120) + 22/165. What is the greatest common divisor of 95 and h?
19
Let a be ((-8)/9)/(-2) + (-134652)/(-54). Calculate the highest common divisor of 43 and a.
43
Let u be ((-104)/28)/(6/(-42)). Let i(v) = v + 9. Let x be i(4). What is the highest common factor of x and u?
13
Let u(o) = -3*o**3 - 3*o**2 + 3*o + 5. Let i be u(-3). Calculate the greatest common divisor of 10 and i.
10
Let t(l) = -120*l. Let p be t(-1). Let h(m) = -9*m - 3. Let k be (-6)/(-4)*20/(-15). Let c be h(k). What is the highest common divisor of c and p?
15
Let c = -22 + -1. Let l = 27 + c. Suppose -l*q = -2*q - 18. Calculate the greatest common factor of 36 and q.
9
Suppose 60 = 3*a + 5*u, -a = -4*a - 4*u + 60. What is the greatest common divisor of 190 and a?
10
Let m be (-2 - -1)/(12/(-2592)). Calculate the highest common divisor of m and 6.
6
Let b be (-523)/(-7) - 12/(-42). Calculate the highest common divisor of 25 and b.
25
Let i(l) = 2*l - 2*l**3 + 3*l**2 - 2*l - 2*l + 3*l**3 + 4. Let c be i(-3). Suppose -28*f = -23*f - c. What is the highest common factor of f and 8?
2
Let i = -45 + 68. Let o = 64 - i. Calculate the greatest common factor of o and 164.
41
Let i = 920 - 842. What is the greatest common factor of 1482 and i?
78
Let y(h) = -2*h**2 + 4*h + 10. Let i(r) = -r. Let g(x) = -12*i(x) + y(x). Let s be g(7). What is the greatest common factor of 96 and s?
24
Let r(j) = -8*j**2 - 78*j - 4. Let x be r(-7). Calculate the highest common factor of 225 and x.
75
Suppose 29 = 3*u + 4*n - 69, -12 = 3*n. What is the greatest common factor of 57 and u?
19
Let i be -16*(-3 + 3 + -2). Let h = -134 + 214. What is the highest common factor of h and i?
16
Let i = -316 - -540. What is the greatest common divisor of 64 and i?
32
Let n be ((-10)/7)/(745/(-2086)). Calculate the highest common factor of n and 916.
4
Let n = -641 + 762. What is the greatest common divisor of 33 and n?
11
Let h(d) = d**3 - 4*d**2 - d. Let c be h(3). Let v be ((-4)/c)/(2/6). Calculate the greatest common factor of 7 and v.
1
Let l be ((0 - 0) + 1)*5. Suppose 3*h = l*b + 173, 4*h - 2*h = b + 113. What is the highest common divisor of 14 and h?
14
Let f(k) = 18*k - 117. Let j be f(7). What is the greatest common divisor of 270 and j?
9
Suppose -72*r = -11*r - 1708. Calculate the greatest common factor of 20 and r.
4
Let f(d) = -d**3 + 6*d**2 + 9*d + 11. Let l be f(-4). Calculate the greatest common divisor of 360 and l.
45
Let s be 265 - 8*(-2)/4. Let u be s/5 + 4/20. What is the highest common divisor of u and 6?
6
Suppose -g = -3, -7*g + 2*g = -f + 16. Let m = 48 - f. Let p be (-159)/(-9) + 2/(-3). Calculate the greatest common divisor of p and m.
17
Let j = -1335 - -1367. Calculate the greatest common divisor of j and 4.
4
Let i(x) = 3*x**2 + x - 2. Let j be i(-6). Suppose -11*p + 3031 = 2811. Calculate the greatest common divisor of p and j.
20
Suppose 32*c = -28*c + 900. What is the highest common divisor of 3480 and c?
15
Let g(j) = -j**3 - 9*j**2 - 9*j - 6. Let s be g(-8). What is the greatest common factor of 202 and s?
2
Suppose 5*w - 120 + 20 = 0. Suppose 3*s - 5*s - 2*l + 14 = 0, 0 = -3*l + 3. Suppose 2*p - 2 = s. Calculate the highest common factor of w and p.
4
Let z(w) = -w**3 - 7*w**2 + 2*w + 2. Let m be z(-8). Let c(x) = 13*x - 187. Let u be c(24). What is the highest common divisor of m and u?
25
Let a(w) = -17*w**3 - 2*w**2 - 9*w - 3. Let x be a(-2). What is the greatest common divisor of x and 11?
11
Suppose 0*r - 5*r = -w + 17, 0 = -w - 3. Let i be (2 + 78)*2/(r/(-2)). What is the highest common factor of i and 16?
16
Let s be 8/16 - 47/(-2). Suppose 2*p = -2*p - 2*b - 200, 5*b = -3*p - 143. Let n = -35 - p. Calculate the highest common divisor of n and s.
8
Let w = 564 - 488. Calculate the greatest common divisor of 570 and w.
38
Suppose 4*o = 16, 0 = -4*p + p + 4*o + 1685. Calculate the greatest common factor of p and 63.
63
Suppose 84 = 5*p + 3*w - w, 0 = 5*p + 5*w - 90. Suppose -605 = -81*s + 3283. What is the highest common divisor of s and p?
16
Let o(j) = -9*j - 40. Let r be o(-5). Suppose -r*s = -h - 48, 0 = 5*s - 4*h - 8 - 34. What is the greatest common divisor of 10 and s?
10
Let d be (-94 - -13)*(1 - 25/15). Calculate the greatest common factor of 162 and d.
54
Let c(f) = f**2 - 27*f - 151. Let s be c(32). Calculate the highest common divisor of 33 and s.
3
Suppose 5*a - 30 = -2*d + 5*d, d - 10 = -5*a. Suppose 3*h = -2*l + 54, -a*l + 4*h + 149 = 34. What is the greatest common divisor of 11 and l?
11
Let y(t) = -15*t. Let q be y(-